(q) = -q**3 + q + 2. Let j be s(h). Give d(j).
3
Let j(o) = -o**3 - 2*o**2 + 3*o + 4. Let d = 120 - 123. Calculate j(d).
4
Let d be 3*(-3)/9 + -5. Let x(b) = -b**3 - 7*b**2 - 5*b + 2. Give x(d).
-4
Suppose -4*s + n = s + 4, -5*s - 2 = -3*n. Let a(l) = l. Calculate a(s).
-1
Let a(d) = -3*d**2 + 4*d - 3. Let b(w) = -w**3 - 3*w**2 + 5*w + 6. Suppose 6 = 2*q + 14. Let u be b(q). What is a(u)?
-7
Let w be (10/(-25))/(1/5). Let r = 0 - w. Let t(s) = 2 - 3*s - 1 - 4 + s**r. Give t(-2).
7
Let v(w) be the third derivative of w**6/30 - w**5/60 - w**4/24 + w**3/6 - 6*w**2. Calculate v(1).
3
Let u(y) be the third derivative of -y**6/120 - y**5/60 + y**4/24 + 7*y**3/6 + y**2. Let m = 3 - 16. Let c = 13 + m. What is u(c)?
7
Suppose -4*u - m + 7 + 19 = 0, 4*m + 8 = 0. Suppose 3*k - 8 = u. Let j(n) = 3*n**2 - 2*n - 1. Let o(i) = -4*i**2 + i. Let x(a) = 3*j(a) + 2*o(a). What is x(k)?
2
Let a(z) = -4*z**3 - 4*z**2 + 5*z - 1. Let c(l) = -5*l**3 - 4*l**2 + 6*l - 1. Let s(k) = 4*a(k) - 3*c(k). Determine s(-4).
-9
Let h(t) = t**2 + 4*t - 7. Let u be h(2). Let q(n) = -n**3 + 4*n**2 + 3*n - 1. Give q(u).
-11
Let p be 24/10*35/14. Let v = p + -8. Let i(n) = 2*n**3 + n**2 - 2*n + 1. Give i(v).
-7
Let u(q) = -7*q**2 - q**2 - q + 4*q**2 - 2*q**2. Let n be (0/(-2) - 1)*-4. Let v = 3 - n. Determine u(v).
-5
Let l(a) = -31 + 2*a - 35 + 57. Calculate l(6).
3
Suppose 6 = 5*z - 4. Let g(p) = -2*p - 2*p**2 + 0*p**2 + p**z - 1. Let b = 0 + -2. Calculate g(b).
-1
Let r(k) = 5*k + 1. Let h(x) be the second derivative of 2*x**3/3 + x**2 - 2*x. Let f be 2/1*(2 - 0). Let c(n) = f*h(n) - 3*r(n). Determine c(4).
9
Let t(g) = -2*g + 4*g + 2 + 0*g. Determine t(4).
10
Let s(l) = 2*l + 5. Let d be s(-4). Let h(b) = -b**3 - 4*b**2 - 2*b + 2. Determine h(d).
-1
Let s = 32 - 36. Let y be 4/6*6/(-1). Let r(h) = -5*h**2 - 8*h - 6. Let d(p) = -9*p**2 - 15*p - 11. Let c(b) = y*d(b) + 7*r(b). What is c(s)?
2
Let w(u) = -3*u**3 + 12*u**2 - 5*u + 6 - 7*u**2 + 2*u**3. Determine w(4).
2
Let a be 2/7*(-28)/(-4). Let i(d) = -2*d - 2. Calculate i(a).
-6
Let x(n) = -n**2 - n. Let r be (-6)/9 - 28/(-6). Suppose 2*j - 6 = 3*j. Let s be (-6)/r*j/(-9). Calculate x(s).
0
Let c(v) = -v**2 - 8*v - 9. Let u be c(-6). Let k(s) = 1 + 5*s - 3*s - u*s. Suppose 3*y = 2*y - 6. Determine k(y).
7
Let a(o) = o**2 + 6*o - 1. Let y = -6 + 0. Let b be a(y). Let k(c) = c + 3*c - c. Give k(b).
-3
Let j(l) = l**2 - 8*l + 8. Let i = 7 - 4. Suppose -4*d + 3 = -4*p - 1, -15 = -5*d + i*p. Calculate j(d).
-4
Let t(q) = q - 1. Let i(d) = 2*d**2 - 5*d + 6. Let r(a) = i(a) + 5*t(a). Determine r(1).
3
Let g(c) = -c**2 + 8*c. Let h(j) = -j**2 - 9*j. Let f be h(-8). Let a be g(f). Let z(n) = n**2 + 0*n**2 - n**3 + 2 + 0*n**2 + n. Determine z(a).
2
Let n be ((-6)/(-8))/(2/(-16)). Let v be (-14)/(-6) + (-4)/n. Let s(x) be the third derivative of x**5/60 - x**4/12 + x**3/6 - 5*x**2. Determine s(v).
4
Let q(w) = 3*w**3 - 4*w**2 - 3*w - 3. Let y(m) = -m**3 - m**2 - m - 1. Let a(p) = q(p) - 4*y(p). Determine a(-1).
-7
Suppose 0*m = m - 4. Suppose -m*w + 12 = -7*w. Let g = 9 + w. Let k(r) = r**2 - 3*r - 1. Calculate k(g).
9
Let q(m) = 2*m + 3. Suppose 3*g + w - 1 = 5, 3*w + 6 = -g. Let f(c) = g*c - 1 + 0 - 4*c. Let d(b) = 9*f(b) + 4*q(b). Give d(5).
-2
Let m(y) = 1. Let j = 7 + -4. Let h(r) = -4 - j*r**3 + 0*r**3 + 2 - r - r**2. Let x(a) = -h(a) - 3*m(a). What is x(1)?
4
Let o(w) be the third derivative of -2*w**2 - 5/24*w**4 + w**3 - 1/120*w**6 + 0 - 1/10*w**5 + 0*w. Give o(-5).
6
Let g = -3 - -7. Suppose g*r - 34 = 5*c, 0 = -5*r + 4*r - 3*c. Let q be ((-3)/2)/(r/(-20)). Let h(x) = -x**3 + 6*x**2 - 3*x - 2. Calculate h(q).
8
Let x(c) be the second derivative of c**4/12 - 7*c**3/6 + 2*c**2 - c. Let u be x(8). Suppose -2*a + u = -5*a. Let w(q) = q**3 + 4*q**2 + q + 4. Calculate w(a).
0
Let f(j) be the first derivative of -j**4/2 + 2*j**3/3 - j + 1. Let p be (-205)/(-35) - 4 - 1/(-7). Calculate f(p).
-9
Let b(l) be the third derivative of 0*l - 1/3*l**3 + 0 - 3*l**2 - 1/24*l**4. Give b(-2).
0
Let m = -7 + 4. Let c(a) = -3*a + 36. Let j(z) = -z + 12. Let n(w) = m*c(w) + 8*j(w). Determine n(7).
-5
Let c be -10*(0 - (-2)/(-4)). Let f be (-1)/(c - 2)*6. Let j(o) = 2*o**2 + o - 1. Give j(f).
5
Let h(i) = -7*i**2 - 1. Let l(v) = -v - 4. Let w be l(-7). Let t = w + -2. Let d = 0 + t. Calculate h(d).
-8
Let t(o) = o**2 - 1. Let r(q) = -2*q**2 + q + 6. Let z(s) = -r(s) - t(s). Calculate z(4).
7
Let f(y) = y. Let o(a) = 0*a - 1 + a + 5. Let x be o(-6). Let j be (-3)/(-2)*(x - 0). Determine f(j).
-3
Let g = -51 - -55. Let z(x) = -2*x**2 + 5*x + 1. Give z(g).
-11
Let a(b) = -b - 4. Let j(u) = -u**2 - 7*u - 9. Let q be j(-7). Let g = q + 4. Calculate a(g).
1
Let d(c) = c**3 + c**2 - 3*c - 1. Let i(w) = 2*w**3 + 2*w**2 - 7*w - 3. Let m(g) = 5*d(g) - 2*i(g). Let v be 0 - (0 - 1/1). Give m(v).
2
Let o be 2/((-36)/(-8) + -4). Let r(u) = u**2 - 4*u - 2. Calculate r(o).
-2
Let r be 6/9*9/2. Let k(a) = -a**2 + a + 1. Let y(q) = q**3 + 3*q**2 - 8*q - 7. Let j(u) = 5*k(u) + y(u). What is j(r)?
-2
Let p(f) be the second derivative of -f**4/12 - f**3/2 + f**2 + 2*f. Let v be (0 + 0)/3*1. Suppose -16 = 4*n - v*n. Calculate p(n).
-2
Let l(u) = u**3 - 8*u**2 + 7*u + 2. Let q be l(7). Suppose 1 + 3 = q*j. Let o(x) = -x**j + 4*x**3 + x**2 - x - 3*x**3. Determine o(-2).
-6
Let l(a) = 1. Let s(b) = b - 1 - 3*b + 3. Let d(r) = -8*l(r) + s(r). Let z = 6 - 10. Give d(z).
2
Let i(w) = -w - 1. Let c be i(-6). Let z(x) = -x**3 + 6*x**2 - 5*x + 4. Calculate z(c).
4
Let p(d) = -5 + 1 + d + 0*d. Let u(n) be the third derivative of -n**6/120 - n**5/60 + 7*n**2. Let g be u(-1). Determine p(g).
-4
Let n be 0 + 3 + 2 + -1 - 0. Let i(r) = r - 3. What is i(n)?
1
Suppose 5*k - 26 = 2*d, -4*d + 2*k - 7 = 29. Let y(l) = -l**3 - 8*l**2 + l + 8. Give y(d).
0
Let m(g) be the third derivative of g**5/60 - 7*g**4/24 - g**3/3 + g**2. Calculate m(6).
-8
Let n be (-29)/(-4) - 9/(-12). Let r(c) = n - c**2 + 4*c - c + 2*c - 2. Let d be (3 - (1 - 3)) + 0. Give r(d).
6
Suppose -10 = -4*d + 10, -d = 2*o - 3. Let t(i) = -i + 1. What is t(o)?
2
Let v(l) = 3*l**2 - 2*l. Let m(k) = -2*k**2 + k. Let o(j) = -4*m(j) - 3*v(j). Suppose 2*b = 3*b + 2. Determine o(b).
-8
Let i(j) = -8*j**3 + j**2 + 2*j + 2. Let c(d) = d**3 - d**2 - d - 1. Let q(l) = 2*c(l) + i(l). Determine q(-1).
5
Let y(d) be the second derivative of -d**7/2520 + d**6/180 - d**5/30 + d**4/12 + 3*d. Let n(k) be the third derivative of y(k). Give n(5).
-9
Suppose 0 = 4*h - 12, 3 - 1 = 2*g - 2*h. Let j(x) = -x + 3. Determine j(g).
-1
Suppose -5*d + 9 = -6. Let n be 4 + 2/(-6)*d. Let s(v) = -v**2 + 2*v - 2. Give s(n).
-5
Suppose 2*o = -15 + 5. Let r(n) = n**2 + 5*n + 7. What is r(o)?
7
Let l be -1 + 5 + -2 + 3. Let p(q) be the third derivative of q**6/120 - q**5/15 - 5*q**4/24 - q**3 - 2*q**2. What is p(l)?
-6
Let s(k) be the first derivative of -k**3/3 + k**2/2 + 12*k + 32. Calculate s(0).
12
Let r be -1*(1*-2 + 4). Let i be 2*(18/4 + r). Let g(q) = q + 1. What is g(i)?
6
Let j(r) = 11*r**2. Let n = -88 - -89. What is j(n)?
11
Let m(w) = 2*w + 3. Let v(n) be the first derivative of -3*n**2/2 - 3*n - 2. Let t(x) = 5*m(x) + 4*v(x). Give t(4).
-5
Let o(y) = -2*y + 7. Suppose 2*v + 6 = 2*t, -5*t + 15 = v + 2*v. Let k = t - 1. Suppose -4*b = -2*w, -k*w + 4*b - 30 = -5*w. What is o(w)?
-5
Let y(l) = -l**2 - 6*l - 5. Suppose w = -14 - 6. Let o = w - -16. Give y(o).
3
Let b(k) = 2*k + 1. Let l be 2 + 2 + (5/5 - 3). Calculate b(l).
5
Let r = 0 + 2. Let x be 1/5 - 145/(-25). Suppose -2*h = -2 - x, 4 = k + r*h. Let v(c) = 2*c + 1. What is v(k)?
-7
Let b = 10 + -6. Let x(t) be the first derivative of -1 - t - 1/4*t**b + 2*t**3 - 3*t**2. Calculate x(5).
-6
Let m(b) = 2*b. Let p(y) = -11*y + 3. Let n(d) = -6*m(d) - p(d). Determine n(-4).
1
Let z(r) be the first derivative of r**4/4 - 4*r**3/3 - 2*r + 3. Calculate z(4).
-2
Let d(y) = -16*y**2 - 2*y - 1. Suppose -8 + 3 = 5*z. Give d(z).
-15
Let w be (-8)/6*(6 + -9). Let i = 1 + 0. Let f(s) = 2*s + i + 4*s - 5*s. Determine f(w).
5
Suppose -b - 14 = -3*s - 6*b, -5*s + 20 = 5*b. Let d be (1 + 0)*-2 - s. Let f(v) = v**2 + 3*v. Give f(d).
10
Let b be ((-6)/(-9) - 1)*-3. Let x be ((-3)/(-9))/b*0. Let o(k) = -k**3 + k + 3. Determine o(x).
3
Let r(x) = x**3 - 7*x**2 + 7*x - 7. Suppose 0 = 3*o + 5 - 2. Let l = -1 - o. Let 